53 is divided by ((-18)/(1 + 2))/(4/(-18)).
26
Suppose 6*i - i = -5*s + 10, -2*s + 19 = -i. What is the remainder when s is divided by 4?
3
Let d(b) = 39*b + 2. Let o be d(4). Suppose -j + 20 = -5*n - 0*n, 5*j + 4*n = o. What is the remainder when j is divided by 16?
14
Suppose -3*l + 8*l - 10 = 0. Let y = l - 4. Let i = y - -15. What is the remainder when 49 is divided by i?
10
Suppose -l + 4*u = 1, 4*l - 2*u + 27 = 79. Suppose -5*r + t = -142, -3*r + t = 6*t - 102. What is the remainder when r is divided by l?
14
Let b = -293 + 347. Suppose 0 = j - 0*j - 14. What is the remainder when b is divided by j?
12
Let w(q) = q**3 + 6*q**2 - 3*q. Let u be w(-6). Let x = -20 - u. Let d = 75 + x. What is the remainder when d is divided by 10?
7
Suppose 0 = 5*v + 2*a + 138, 2*v + 3*a + 67 = 14. Let r = v - -42. What is the remainder when r is divided by 4?
2
Let d(y) = 6*y**2 - 5*y + 4. What is the remainder when d(-3) is divided by 25?
23
Let i = 7 + 31. Calculate the remainder when i is divided by 10.
8
Let q(r) = 4*r**3 - 3*r**2 + r - 1. Let i = 5 - -6. What is the remainder when q(2) is divided by i?
10
Let f(x) = x**2 + 7*x + 5. Let o be f(-7). Suppose 5*d + 26 = 116. What is the remainder when d is divided by o/(-15) + (-31)/(-3)?
8
Let c(u) = -2*u - 11. What is the remainder when 22 is divided by c(-12)?
9
Let t = -7 - -22. Let a = t + -8. Calculate the remainder when 20 is divided by a.
6
Let v = -1 + -1. Let d be v - (0 + -32 + 3). Suppose 2*f - 3*f + 24 = 4*i, 5*f = i - d. Calculate the remainder when 19 is divided by i.
5
Let o = 4 - 2. Suppose 11 = o*a - 7. What is the remainder when 10 is divided by (-1)/2 - a/(-2)?
2
Calculate the remainder when 36 is divided by 141/11 + 8/44.
10
Let n = 40 - 26. Let c be (-4)/(-14) - (-276)/n. Suppose 4*g - c = 3*g. Calculate the remainder when g is divided by 11.
9
Suppose -2*h + 31 = x, -2*x - 36 = 5*h - 114. What is the remainder when 46 is divided by h?
14
Suppose -5*p + 0*l = -5*l, -3*l = -4*p - 1. Let s = 2 + p. Calculate the remainder when 17 is divided by -1 + 1 + s + 8.
8
Let r(f) = -f**2 - 12*f - 11. What is the remainder when 103 is divided by r(-8)?
19
Calculate the remainder when 61 is divided by (-32)/6*(-17 - -14).
13
Let r(c) = c**2 + 4*c - 2. Calculate the remainder when 124/7 - (-12)/42 is divided by r(-6).
8
Suppose 2*s - v + 4 = -4*v, 0 = -5*s - 5*v. Let w(q) = 2*q + 2 + 3 - 6. Calculate the remainder when 13 is divided by w(s).
6
Suppose 30 = -3*r + 6*r. Let z(y) = y**3 + 11*y**2 + 18. Calculate the remainder when z(-11) is divided by r.
8
Let a = 226 - 176. What is the remainder when a is divided by 28?
22
Let t(h) = h**3 + 7*h**2 - 6*h - 1. Let l be ((-15)/(-3))/(2/4). What is the remainder when t(-7) is divided by (56/l)/((-2)/(-5))?
13
Let c = -2 + 11. What is the remainder when 4/(-18) + 137/c is divided by 0*(2 + -1) - -8?
7
Suppose 2*i - 80 = 5*w, 0 = 5*i - w + 6*w - 165. Let j(x) = 4*x**2 + 3*x. Let p be j(-2). Let k = p + 8. Calculate the remainder when i is divided by k.
17
Let s(a) = -a**3 - 7*a**2 + 8. Let l be (-8)/32 - 54/8. Let y be s(l). Let r = y - 6. What is the remainder when r is divided by 2?
0
Let r(n) = 24*n. Let m be r(1). Let l be (-6)/(-10) - m/(-10). Calculate the remainder when 1*l + (7 - -24) is divided by 18.
16
Let t be (2 - -2)*3/4. Suppose -14 = -t*z + z. Suppose c - 5*f = 14, -c + 2*f = 4*f - z. What is the remainder when 17 is divided by c?
8
Suppose -5*o = 19 - 64. Calculate the remainder when 15 is divided by o.
6
Suppose 5*q - 23 = 7. Let i = q + -3. Suppose 11 = i*p - 13. Calculate the remainder when 14 is divided by p.
6
Let p = -33 + 64. Calculate the remainder when p is divided by 16.
15
Let r be (-1)/(-1)*78/2. Suppose 5 = -2*i + r. Calculate the remainder when 67 is divided by i.
16
Suppose 0 = 26*r - 22*r - 124. What is the remainder when 90 is divided by r?
28
Let u(q) = -2*q - 3. Let v be u(-5). Suppose 42 = -v*n + 5*n. What is the remainder when 2 is divided by (-6)/n + 24/14?
0
Suppose -40 = j + 3*j. Let y = 27 + j. Calculate the remainder when 32 is divided by y.
15
Let o(v) = 2 + 3*v**2 + v + 2*v - 6*v. What is the remainder when o(4) is divided by 20?
18
Suppose d = 4*d - 18. Suppose 0 = 2*m - u - 35, 4 + 0 = m + 4*u. Calculate the remainder when m is divided by d.
4
Suppose 1 + 1 = -o. What is the remainder when 21 is divided by (o/3)/(2/(-33))?
10
Let q = 5 + -18. Let t = q - -38. Suppose t = p + 4*p. What is the remainder when p is divided by 3?
2
Let l(v) = 2*v**3 - 2*v**2 + 4*v - 3. Suppose -2*y - y + 45 = s, -2*y - 55 = -s. Calculate the remainder when s is divided by l(2).
12
Let z = -19 - -103. Suppose -3*k - z = -9*k. What is the remainder when k is divided by 5?
4
Let n = 59 - 47. Calculate the remainder when 47 is divided by n.
11
Let s(r) = -3*r**2 - 7*r - 5. Let o(k) = -8*k**2 - 20*k - 14. Let y(a) = 4*o(a) - 11*s(a). Calculate the remainder when y(5) is divided by 3.
0
Suppose 0*t + 42 = z + 4*t, 4*z - 3*t - 73 = 0. Suppose 5*o - y = 321, 5*o + 4*y - 345 = -y. What is the remainder when o is divided by z?
21
Suppose -5*l + 3*t = -0*l - 63, -2*t + 38 = 2*l. Let a = 6 - -38. What is the remainder when a is divided by l?
14
Let r(l) = l**3 + 16*l**2 - 21*l + 3. What is the remainder when r(-17) is divided by 12?
11
Let q be 16/(-24) + (-22)/(-6). Calculate the remainder when 31 + -3 + q + 0 is divided by 16.
15
Let c = 17 - 6. What is the remainder when 76 is divided by c?
10
Let d(y) = 2*y + 2*y**2 - y**3 - 9*y**2 + 5*y - 7. Let l be d(-8). Calculate the remainder when 9 + (l + 0 - 2) is divided by 5.
3
Let j(o) = -o**2 + 9*o - 3. Let d be j(6). Let y = 22 - d. What is the remainder when 27 is divided by y?
6
Suppose l + l - 5*t + 37 = 0, -4*l + 4*t = 92. Let z = -2 + 3. Let o = z - l. What is the remainder when o is divided by 14?
13
Suppose 0 = -14*v + 15*v - 31. Suppose 4*p = 7 + 93. Let m = 41 - p. Calculate the remainder when v is divided by m.
15
Suppose -m - 8*x + 9*x + 72 = 0, 5*x - 324 = -4*m. Suppose 0 = 4*h - 0*h - 104. Calculate the remainder when m is divided by h.
24
Suppose 2*r - 132 - 42 = -4*f, 4*f - 181 = 5*r. Suppose 2*l - z - 44 = 0, -z = 2*z - 6. Calculate the remainder when f is divided by l.
21
Suppose h + 3*m = -2, 4*h = h - 2*m + 8. What is the remainder when 17 is divided by h?
1
Let k = 0 - -1. Let i be -9 + (-1 - (k - 1)). Let r(o) = -o + 12. Calculate the remainder when 86 is divided by r(i).
20
Suppose 0 = d - 15 - 9. Suppose -1 = b - 3*y, -y = 2*b - 4*y + 2. Calculate the remainder when d is divided by -13*((b - -2) + -2).
11
What is the remainder when 55 is divided by (25/(-75))/(1 - 176/174)?
26
Let h(i) = i**3 - 7*i**2 - 2*i + 2. Let y be h(7). Let z = y - -20. Let r(j) = -3*j - 3. What is the remainder when r(-6) is divided by z?
7
Let n = 155 + -62. Calculate the remainder when n is divided by 24.
21
Suppose -3*q + 2*p - 17 = 0, -p + 5*p + 22 = -2*q. Calculate the remainder when (q + 2)/((-2)/10) is divided by 9.
7
Let q(x) = 3*x - 13. Let d be q(-9). Let w = -12 - d. Calculate the remainder when w is divided by 15.
13
Suppose i = s + 2*i - 128, -5*s + 654 = -2*i. Suppose 0*w = -2*w + s. Calculate the remainder when w is divided by 17.
14
Let i be -1 - 3 - 66/(-11). Suppose -3*j - i*b - b = -15, -4*j - 5*b + 18 = 0. What is the remainder when 27 is divided by j?
6
Calculate the remainder when (13/(325/(-90)))/((-6)/140) is divided by 29.
26
Let d(g) = 2*g**2 + 2*g + 3. Calculate the remainder when 20 is divided by d(-2).
6
Let v = -7 + 24. Calculate the remainder when v is divided by 8.
1
Let z = 14 + -11. Calculate the remainder when 10 is divided by z.
1
Let u(d) = d**2 - 2*d - 5. Let m be u(4). Suppose f = -m*f. Suppose 6 = 2*z - f. Calculate the remainder when 8 is divided by z.
2
Calculate the remainder when (0 - 1) + -2 - -45 is divided by 11.
9
Let d = -9 + 17. Suppose -3*n = 5*u - 11, 0 = -d*n + 3*n + 4*u + 43. What is the remainder when 18/(-5)*80/(-24) is divided by n?
5
Suppose -4*i - q = -i - 65, -4*q = 4. Calculate the remainder when 85 is divided by i.
19
Let j(n) = 7*n + 2. Let o(q) = -q**3 - 2*q**2 - 6. Let c be o(-3). What is the remainder when j(3) is divided by 10 + (0 - c - -1)?
7
Let b(n) = 2*n**2 + 2*n - 2. Suppose 0 = -14*q + 19*q - 195. Calculate the remaind